*m**3 - 1034*m**2 + 12*m - 13. Is b(12) a prime number?
False
Let w(y) = y**3 - 15*y**2 + y - 18. Let f be w(15). Let s(t) = 717*t**2 - 2*t - 2. Let k be s(f). Suppose 6*h = 5*h + k. Is h composite?
True
Suppose -3274 = -2*w + 9148. Is w a composite number?
False
Let v(g) = 1521*g**2 - 31*g - 31. Is v(-6) composite?
True
Suppose -18*z + 24*z = 66. Suppose z*a + 16 = 60. Suppose -10905 = -3*r - a*p, -4*r = -p + 6*p - 14540. Is r a prime number?
False
Suppose -2*l - 3*v + 93379 = 0, -136*v = 4*l - 135*v - 186763. Is l a prime number?
True
Let i(d) = d**3 - 10*d**2 - 14*d + 149. Let f be i(33). Let v = f - 7005. Is v prime?
True
Is (-43 - (-36)/9)/(21/(-12131)) composite?
True
Let q = -29 - -37. Suppose q = -4*o + 12. Is 2 + (3 - o) + 153 a prime number?
True
Let v be (-13 - -13)/(-8 + 3). Suppose 2*j - 446 - 1476 = v. Is j composite?
True
Suppose -6 = -2*r - 3*b, 4*r - 3*r + 2 = b. Suppose 0 = 6*d - 11*d + 10. Suppose r*t - t + 612 = 3*c, d*t = 5*c - 1009. Is c prime?
False
Suppose -3*w + 0*w + 5*q = 41, -3*w = 5*q + 1. Let f be (-4 - w) + -2*3/(-6). Suppose m = f*o + 723, -5*m + 0*m = 5*o - 3740. Is m composite?
False
Let q(y) = -380*y**3 - 2*y**2 - 20*y - 55. Is q(-4) a composite number?
True
Suppose o + 2298 = 3*s, -2*o = -3*s + 5163 - 579. Let f = o + 4303. Is f prime?
True
Let q = 304 + -300. Suppose 2872 = 3*n - q*c - 1545, 0 = -n + 5*c + 1476. Is n a prime number?
True
Is 355349 - 15*(-40)/50 prime?
True
Let s = 34936 - 24419. Is 1*s*(-56 - -57) prime?
False
Let z = 22 - 18. Suppose -2*x + z + 0 = 0. Suppose -t + 597 = 5*j, -x*t + 1 + 3 = 0. Is j a composite number?
True
Suppose 6*p - 1005 - 2223 = 0. Suppose -11*f + p + 2311 = 0. Is f a prime number?
False
Suppose -l + 5*o = -2*l + 14, -2*o - 12 = -4*l. Suppose l*z + 2*f - 8204 = 4*f, -5*z + 10249 = -4*f. Is z composite?
False
Let g(o) = -4*o + 120. Let q be g(28). Suppose -33*p - q*p + 111971 = 0. Is p a composite number?
False
Suppose 6*h - 45 = -15. Let b(r) = 12*r**2 - 5*r - 13. Is b(h) a prime number?
False
Is (-192)/((-408)/(-17)) + 2/(2/604017) a composite number?
True
Let q(s) = -204*s + 3*s**2 - 19 - 11*s**2 + 211*s + 105*s**3. Is q(5) prime?
True
Suppose -5*t = -4*u - 2*t + 8010, 0 = -2*u + 5*t + 4012. Suppose 3*h - 3*y - 4162 = -y, 0 = -4*h + y + 5556. Let d = u - h. Is d prime?
False
Let w be (-2)/(-4)*(0 - (2 + -2)). Suppose 19*t - 14*t + 1155 = w. Let y = t + 500. Is y prime?
True
Let p(g) = -698*g - 3336. Is p(-31) prime?
False
Let g(t) = -t**2 - 10*t + 10. Let z be g(-11). Let h(c) = 4*c**2 + 2*c + 2. Let u be h(z). Suppose 3*b - u*b = -695. Is b prime?
False
Let y be (12/18)/(3/(-90)). Let h be (2*(-5)/y)/(2/2432). Let z = -201 + h. Is z composite?
True
Suppose a + 7 = 9. Suppose 4*r = -a*b + 24, -2*r = -2*b - 3*b + 12. Is (b/(-8))/((-2)/4044) a composite number?
True
Is 1*39016 + 40/25 + (-33)/55 a prime number?
False
Let u = 639010 + -267153. Is u a prime number?
True
Let k(i) = -64 + i**2 + 44*i - 176*i + 72*i. Is k(-29) a composite number?
True
Is -145861*(-3 - -6)*18/(-34 + -20) prime?
True
Let f be (-1)/((-3 - 0) + 759200/253058). Let y = f - -13694. Is y a prime number?
False
Let b be 6/8 + (-140)/16 + 4. Let n(q) be the third derivative of 2*q**5/5 + q**4/8 + 5*q**3/3 - 4*q**2. Is n(b) a composite number?
True
Let f(i) = -i**2 - 4. Let p be f(-4). Is 1*-2*65/p*254 composite?
True
Let j(b) be the first derivative of -3*b - 3/2*b**2 + 16 + 263/3*b**3. Is j(-2) composite?
True
Let g be (-1)/(((-7)/58337)/7). Suppose -3*p - 59512 - 13400 = -5*c, -4*c = 5*p - g. Is c a prime number?
False
Suppose 23*g = -g + 96. Suppose g*y + b - 10006 = 0, 3*b + 4992 = 2*y - 2*b. Is y prime?
False
Let r(f) = 11594*f - 637. Is r(9) a composite number?
True
Suppose 4*g - 1850466 = -2*s, 22*g - 23*g + s + 462624 = 0. Is g a composite number?
True
Let p(x) = -8*x**3 - 99*x**2 + 83*x - 329. Is p(-51) a composite number?
False
Suppose 17*k - 10632 = 112499. Is k composite?
False
Let j = -504076 - -1159517. Is j a composite number?
True
Is ((-44378)/9)/((-28)/(-42))*-3 a composite number?
False
Let y be (140/6)/((-1)/(-3)). Let c = 836 - y. Suppose -8 = -2*n, -3*n + c = 2*d - 2*n. Is d a prime number?
False
Let v(j) = 21139*j**2 + 35*j + 275. Is v(-6) a prime number?
True
Suppose q - 10 = 3*n, 0 = -2*q - 22*n + 21*n + 6. Suppose 0 = -5*c - u + 91780, -18330 = -5*c + q*c + 5*u. Is c composite?
True
Let s(t) = -4666*t**3 - t**2 - 23*t - 33. Is s(-2) composite?
False
Let z = 26858 - 18573. Is z a composite number?
True
Let f = 302 - -410. Let q = 1546 - f. Let t = q + 248. Is t composite?
True
Is 44194 - (-55)/33*9 a composite number?
True
Suppose 86*i + 60618 = 92*i. Let j = -4602 + i. Is j a prime number?
True
Let s(g) = 1945*g + 810947. Is s(0) a composite number?
True
Suppose -265 = -5*r - 1530. Suppose p - 42 = -2*j + 550, 5*j = 10. Let w = r + p. Is w prime?
False
Let w = 156 + 2925. Suppose 46*x - w = 43*x. Is x prime?
False
Let a = -51769 - 26770. Let n = -29772 - a. Is n a prime number?
True
Let x be 24/10 + (-4)/10. Let u = 1016 + -874. Suppose -500 = -x*j + u. Is j a prime number?
False
Let x(v) = 29*v + 8 - 33 + 177*v. Suppose 5*g = 4*q + 25, -5*g - 6*q + q = -70. Is x(g) prime?
False
Is 96637 + (1400/220 - 28/77) a prime number?
True
Is 6*(-5)/3 + 117879 a composite number?
True
Let j(d) = -93*d**3 + 2*d**2 + 2*d + 1. Let x(n) = 9*n - 21. Let h be x(-5). Let r = 64 + h. Is j(r) a composite number?
True
Let w(v) = -263*v**3 + 115*v**2 + 25*v + 32. Is w(-7) a prime number?
True
Let s = 7069 + -18253. Let a = 981 - 991. Is s/(-5) - (1 + 1)/a a prime number?
True
Let i = 87 + -55. Let q = -29 + i. Suppose 4*n + 1961 = 3*m, -4*m - q*n + 2573 = -0*m. Is m prime?
True
Let x be (-11)/77 + 113010/14. Is 1*x - (-13 - -10)/(-1) composite?
False
Let c = 11676 + -8015. Let t = -1896 + c. Suppose -9*p + t = -4*p. Is p prime?
True
Suppose -4*m = -4*u + 23884, -2*u - 4*m + 17719 = 5807. Let c = 23817 - u. Is c a prime number?
True
Let x = 75 + -66. Let g(r) = 371*r**2 - 76*r + 16. Is g(x) composite?
False
Let k(v) be the first derivative of -308*v**3 - v - 7. Let r be k(1). Let u = r - -2522. Is u a prime number?
True
Let u = -219 + 239. Let w(d) = -d**3 + 21*d**2 + 11*d - 47. Is w(u) prime?
False
Suppose -t = -5*n - 4*t + 19, 0 = 2*n - t - 1. Let w be (3/n + 0)*(-17 + 13). Let q(d) = -d**3 - d**2 + 8*d - 5. Is q(w) a composite number?
False
Let l = 253753 - -62076. Is l prime?
True
Let g(j) = j**3 + 16*j**2 + 6*j + 16. Let d(o) = o + 4. Let c be d(-2). Let n be c*(15/(-2) + 4). Is g(n) a composite number?
True
Let d be (-18)/21*84/(-24). Is 2048/d - (-4 - (-55)/15) prime?
True
Let s be 4 - (-5)/(5/(-6)) - 0. Is (-2 - 0 - (-868 - s)) + 5 a composite number?
True
Suppose 49*v = 198*v - 50536181. Is v a prime number?
False
Suppose -52*o - 420686 = -2920482. Is o composite?
False
Let y(u) be the first derivative of -67*u**4/24 - 7*u**3/6 - 3*u**2 - 18. Let z(m) be the second derivative of y(m). Is z(-3) a prime number?
False
Let p = 2 - -2. Let y be 2 - (p - 4 - 2). Is 2 - (5 - y) - -256 composite?
False
Let v = -38901 + 91947. Is (v/(-4) - -5)*-2 composite?
False
Let f = 34049 + -13626. Is f composite?
True
Is ((-135491)/3 - -4)*(-3 - 0) a prime number?
True
Suppose 3758 = -2*w - u - 0*u, -u - 7520 = 4*w. Let f = w - -3242. Is f a composite number?
False
Let r(l) = 4*l**2 + 29*l - 8425. Let g(h) = -5*h**2 - 34*h + 8426. Let a(y) = -3*g(y) - 4*r(y). Is a(0) a composite number?
True
Suppose 2*x = 3*u + 38, 4*x = -3*u - 0*x - 14. Let y(v) = 283*v**2 - 4*v + 9. Is y(u) composite?
False
Suppose 19 = 4*x - o - 24, -33 = -3*x + o. Suppose 4199 = x*f - 4331. Is f composite?
False
Let p be (-3)/(-2)*1920/288. Suppose -y - 3*a + 736 = 0, -p*y = -8*y - 4*a - 1522. Is y a composite number?
False
Suppose 72*m = -i + 70*m + 31425, 2*i - 62814 = 5*m. Is i composite?
True
Is ((-53427)/22)/((-27)/1098) a composite number?
True
Suppose -28*m = -62*m + 477734. Is m composite?
False
Let j(g) be the third derivative of g**6/120 + g**5/12 - g**4/3 - 7*g**3/6 + 14*g**2. Let h be j(-6). Let w(o) = 60*o + 23. Is w(h) composite?
True
Let s(p) = p**3 + 19*p**2 + 9*p - 10. Let w be 0 + (-150)/((-6)/(-2)). Let c = w + 35. Is s(c) a composite number?
True
Suppose 7 + 1 = 2*b, b - 9674 = -5*k. Suppose 5*p - k = 5*s + 10916,